*p**2. Suppose -2 = -d + 5. Let x = d + -3. Calculate i(x).
4
Let u = -4 - -3. Let c(i) be the first derivative of i**4/4 - i**2/2 + i - 2. Let p(l) be the first derivative of c(l). Determine p(u).
2
Let j = -13 + 7. Let i be j*(-2)/(-4) + 9. Let r(l) = l**3 - 5*l**2 - 7*l + 7. Give r(i).
1
Suppose y - 1 - 3 = 0. Let u(a) = 0 + y + 4*a - 3*a + 0*a. What is u(-3)?
1
Let c be 6/(-4)*(-4)/3. Suppose -u - c = -1. Let w(n) = -2 - n**2 + 5*n**2 + 1 - n. Give w(u).
4
Suppose -53*f + 4 = -52*f. Let o(t) = -2*t**3 - 2*t**2 + 2. Let v(s) = 3*s**3 + s**2 + s - 3. Let y(w) = 4*o(w) + 3*v(w). Give y(f).
-5
Let k(m) = -m**2 + m + 7. Let i = -13 + 18. Let s be -1 - (-5 + (0 - -1)). Suppose x - 3*w = -9, 0 = i*x - s*w + 9. What is k(x)?
7
Let o(w) = -3*w - 9. Suppose k = 2*m - 14, 0 = -5*k - m - 3*m - 14. What is o(k)?
9
Let s be (-32)/(-6) - (-2)/3. Let t(h) = h**2 + 1 - 13 - 5*h + 10. Determine t(s).
4
Let w(q) be the second derivative of q**3/6 - q**2/2 + q. Suppose -27 - 26 = 4*t + z, 2*t - z = -25. Let u = t + 15. Give w(u).
1
Let m(z) = 22 - 7 + 7*z - 18. Determine m(3).
18
Let i = 79 + -81. Let w(t) be the second derivative of t**3/3 + t**2 + t. Calculate w(i).
-2
Let b(d) = -d - 12. Let i be b(-9). Suppose 0 = x + 1 - 2. Let g(q) = 1 - 3 - q + x. Determine g(i).
2
Let l be (2/(-6))/(4/24). Let a(d) = -4*d - 3. What is a(l)?
5
Let j(f) = f**2 + 4*f + 1. Let z(h) = 5*h**2 + 20*h + 5. Let v(d) = 11*j(d) - 2*z(d). Suppose 5*n - 68 = 22*n. Calculate v(n).
1
Let g(h) = h + 0*h + 0*h**3 + 1 + 4*h**2 + h**3. Let q be g(-4). Let l(y) be the first derivative of y**3/3 + y**2 + 2*y - 1. Calculate l(q).
5
Let c(a) = -3*a + 2*a + 2*a**2 + 0*a - 4. Let z(u) = -u**2 + u + 2. Let m(f) = -3*c(f) - 5*z(f). Give m(2).
-6
Suppose 8*j + 33 = -3*j. Let g(v) = -8*v - 2. Determine g(j).
22
Let i(n) = -2*n - 6. Let w be i(-8). Let t be (-1*1)/(1/(-25)). Suppose 4*g + c + w = -c, -g - 5*c = t. Let m(s) = s - 3. Calculate m(g).
-3
Suppose 5*a + s = 21, 0*a - 3*a - 2*s = -14. Suppose 0 = k + a*k. Suppose k*u = 3*u. Let o(f) = -f - 5. Calculate o(u).
-5
Let y = 24 - 22. Let a(k) be the first derivative of -1 + 1/2*k**4 - k**3 + 0*k + 0*k**y. Determine a(2).
4
Let n(j) be the first derivative of j**3/3 + 11*j**2/2 + 7*j - 27. Give n(-10).
-3
Let a(b) = -2*b - 5. Suppose 15 - 3 = -3*l. Determine a(l).
3
Let l(c) be the third derivative of -c**4/8 + c**3/6 - c**2. Let u be (1/(-3))/((-5)/60). Determine l(u).
-11
Let s = -123 + 117. Let x(k) = k**3 + 5*k**2 - 6*k + 3. Determine x(s).
3
Let g be (-2)/8 - (-22)/(-8). Let d(i) = 0*i**2 - 8 - 2*i**2 + 0*i**2 - 4*i + 5. What is d(g)?
-9
Let k(o) = o**2 - o + 1. Suppose 0 = -h + 4*h. Let c = -2 + h. Let s = c - -4. Calculate k(s).
3
Let x(s) = -s**2 + 5. Let y(q) = q**2 - q - 6. Let a(t) = -5*x(t) - 4*y(t). Let d = -15 - -10. Calculate a(d).
4
Let s(c) be the first derivative of c**4/4 + 4*c**3/3 + c**2 + 4*c - 1. What is s(-3)?
7
Suppose 0*v + 2*v - 4*s - 6 = 0, 3*v - 9 = -3*s. Suppose 3*i = l - 6, 0 = 4*l - 3*i - 0*i - 6. Let a(d) = v*d + l*d - 2*d + 5. Determine a(-4).
1
Let c(j) = 1. Let o(z) = -z + 8. Let i(g) = -3*c(g) + o(g). Let n = -1 - -6. Calculate i(n).
0
Let u = -13 + 10. Let k(z) = z**3 + 5*z**2 + 2*z - 4. Determine k(u).
8
Let b = -8 - -3. Let p(v) = -7*v + 3. Let u(k) = 2*k. Let c(d) = -p(d) - 3*u(d). Calculate c(b).
-8
Let x(s) = -2*s - 4. Let y(r) = 2*r + 4. Let h(q) = 6*x(q) + 5*y(q). What is h(-3)?
2
Suppose -9 = -4*t - w - 0*w, w - 5 = -2*t. Let j(d) = -t*d + 1 + 2 - 6 + 2. What is j(6)?
-13
Suppose b = -w + 5, 3*b - w - 10 - 13 = 0. Let g = b + 5. Let t be ((-1)/(-2))/((-1)/g). Let y(p) = -p**3 - 7*p**2 - 6*p - 4. Determine y(t).
-4
Suppose h = -3*k + 5, 4*k + 2*h = 7*h - 6. Let m(j) = 5*j**3 + 2*j**2 - 2*j + 1. Determine m(k).
6
Suppose -6*w = -w - 10. Let v(p) = -w - 3*p + 2 - 2*p - 1. What is v(1)?
-6
Let k(m) be the third derivative of m**4/24 - m**3/3 - 4*m**2. Determine k(2).
0
Let w = -3 - -4. Let i(r) be the third derivative of -r**5/10 + r**2. Calculate i(w).
-6
Suppose 3*g = 3*a, -a - 3*g - 6 = 6. Let i(y) = -y**2 - 4*y - 3. Determine i(a).
0
Let o(k) = -9*k**3 + 7*k**2 + k + 7. Let q(n) be the third derivative of -n**6/15 + n**5/10 + n**4/24 + n**3 + 3*n**2. Let r(u) = -6*o(u) + 7*q(u). Give r(1).
-1
Let c(f) = 6*f**2 - 23*f + 11. Let q(p) = -2*p**2 + 8*p - 4. Let b(u) = -4*c(u) - 11*q(u). What is b(3)?
-6
Suppose -3*k + 2 = -13. Let q(b) be the first derivative of -b**4/24 + 2*b**3/3 - 3*b**2/2 + 1. Let t(l) be the second derivative of q(l). Give t(k).
-1
Suppose -5*k + 5*q + 16 = 61, -35 = 3*k - 5*q. Let o(z) = -z**3 - 6*z**2 - 6*z - 2. Calculate o(k).
3
Let t(g) = g**3 + g**2 + g. Let h be (-2 - -5) + -4 + 1. What is t(h)?
0
Let k = 24 - 34. Let a be (0 - k/4)*-2. Let l(d) be the third derivative of d**5/60 + 7*d**4/24 + 5*d**3/6 + d**2. Give l(a).
-5
Let v(s) = 5*s**2 + s**3 - 4 + 0*s**3 + 2 + 2*s. Let b(a) = a**2 + 6*a - 2. Let m be b(-6). What is v(m)?
6
Let m(y) = -4*y. Let k(z) = z - 5. Let s be k(4). Let i be m(s). Suppose i*w + 6 = 6*w. Let n(c) = c**3 - 4*c**2 + c + 3. Give n(w).
-3
Let j(c) = 2*c**3 + 1 + 0*c + 4*c**3 + c. Let y(l) = -2*l + 3. Suppose 4 = -4*h + 2*x + 14, 2*h - 5*x - 9 = 0. Let k be y(h). Determine j(k).
-6
Let m be 47 - (-1)/(-3)*3. Let x = m + -16. Suppose 0*w - 5*w = x. Let y(s) = s**2 + 4*s - 8. Determine y(w).
4
Let f(m) = -5*m**3 + 6*m**2 - 6*m - 6. Let l(u) = 4*u**3 - 6*u**2 + 5*u + 5. Let h(c) = 3*f(c) + 4*l(c). What is h(3)?
-19
Let b(h) = h**2 + 6. Let z be 10*3/(6 - 0). Suppose 0*o = z*o. Calculate b(o).
6
Let a(h) be the first derivative of -1 + 1/20*h**5 - 3*h + 0*h**2 - 1/6*h**4 - 2/3*h**3. Let v(n) be the first derivative of a(n). Calculate v(3).
-3
Let l(d) = -6 + 4*d**2 - 3*d**2 + 5*d + 2*d. Determine l(-8).
2
Let o(l) = 62*l - 144*l + 70*l. Give o(1).
-12
Let d(i) be the first derivative of 0*i**2 - 7/4*i**4 + i - 1/3*i**3 + 1. Let m(b) = b + 2. Let x be m(-1). What is d(x)?
-7
Let l be (2 + (-3)/2)*20. Let v be (-19)/(-5) + 2/l. Let x(d) = 2*d**2 + 7*d + 13. Let c(q) = q**2 + 3*q + 6. Let m(y) = 13*c(y) - 6*x(y). Give m(v).
4
Let r(p) = -p - 4. Let o be r(-8). Suppose 9*s = o*s. Let z(k) = -4 + 0 - k + k**3 + k**2 + 1. Give z(s).
-3
Let b(w) = -w - 2. Let u(k) = k + 2. Let a(t) = -4*b(t) - 3*u(t). Let z(c) = 2*c**3 - 4*c**2 + 3*c - 1. Let q be z(2). Suppose -q = r - 0. What is a(r)?
-3
Let p(a) = -2*a + 2. Let b be p(3). Let w(h) = -12*h**3 - 4*h**2 + h**2 + 2*h - 5 + 2*h**3 + 9*h**3. Give w(b).
3
Suppose -4*m + 28 = -3*o, 3*o = 2*m + 4*o - 4. Let x(r) = 2*r - 8. What is x(m)?
0
Let m(s) = -s**3 - s**2 + s + 5. Suppose -q = 4*q. Calculate m(q).
5
Let t be 5*(12/5 + -2). Let c(l) = -3 + 1 - t*l - 2*l + 1. Calculate c(1).
-5
Let z(u) = 2*u**2 - 1. Suppose 4*x - 4*t + 4 = 0, t = x - 3*t - 8. Let q be (x - (-2 - 1))/1. What is z(q)?
1
Let z(u) = -6*u**3 - u**2 + u - 1. Let g = -4 - -5. Give z(g).
-7
Let w(a) = a + 19*a**2 - 18*a**2 + a - 4*a. What is w(2)?
0
Let m = 52 - 44. Let u(k) = 2*k - 4. Give u(m).
12
Suppose -1 = -4*l + 7. Suppose -10*o + 22 = -8. Let u(x) = -l + x**2 + 0 + o. Calculate u(-2).
5
Let d(q) = 2*q - 4. Let f(m) be the third derivative of m**4/24 + 2*m**2. Let k(x) = -d(x) + 3*f(x). Determine k(-4).
0
Let d(l) = 6*l - 9. Let w(q) = q - 1. Let n(h) = d(h) - 5*w(h). Determine n(3).
-1
Let t be (-4)/1 + 2 - -3. Suppose -10 = -3*y - t. Let a(m) = m**2 - 6*m. Give a(y).
-9
Let t be 1 - 4 - (0 + -2). Let n(h) be the second derivative of -h**5/20 - h**4/12 - h**3/6 - h**2/2 + 4*h. Calculate n(t).
0
Suppose 5*o - 3*o - 8 = 0. Let f(x) = x**2 - 6*x + 5. What is f(o)?
-3
Let c = 25 + -26. Let w(u) = 5*u**3 + 2*u**2 + 2*u + 1. Calculate w(c).
-4
Let a(c) = -1657*c + 1657*c - 25*c**2. What is a(1)?
-25
Let d(l) be the third derivative of l**5/60 - 5*l**4/24 + l**3/3 + 15*l**2. Give d(6).
8
Let s(d) = d**2 + 3*d + 1. Let z(p) = p**2 + 8*p - 2. Let t(l) = 9*l + 1. Let v be t(-1). Let n be z(v). What is s(n)?
-1
Let q(j) = 2 + 319*j - 317*j - 3. Calculate q(-3).
-7
Let f(p) be the first derivative of -p**6/120 + p**4/24 + p**3/3 - p**2 - 3. Let i(c) be the second derivative of f(c). Give i(2).
-4
Suppose 0 = 3*l - 7*l + w - 4, -w + 4 = 5*l. Let q(i) = -i**2 - i + 2. Let u be q(l). Let j(d) = 6 - 5 - d**3 + 2*d + 5 - 3*d**2 - d**u. Determine j(-4).
-2
Let